2 - (6 + (6 + -1 - 6) - 5)
-2
What is the value of -1 + -14 + 12 + 11 + -12 + -11?
-15
What is the value of (3 - 22) + 8 - -4 - -16?
9
What is the value of 4 - (4 - (-6 + 4 + 4 + -6))?
-4
What is the value of -5 - (-1 + -6 + 105 + -105)?
2
(3 + -14 - (8 + -14)) + 8
3
What is (20 - (33 + -41 + (1 - -12))) + -9?
6
Calculate 46 + -8 - (-16 - -34).
20
Calculate 5 + -21 + 15 + (2 - -7).
8
What is 8 - (15 + -20 + 1)?
12
What is -9 + (-31 - -21) + 6?
-13
What is (5 - 2) + (2 + -4 - 5)?
-4
What is 2 - (33 - (-9 - -21) - (-1 - 1))?
-21
Calculate (9 - 0) + (-17 - 1) + (-14 - -1).
-22
Calculate -36 + (-7 + 5 - -17) + -1.
-22
What is 2 + -10 - (53 + -66) - 7?
-2
What is 5 + -11 + 20 + -2 + 11?
23
What is 3 + (-12 - -5) - (-5 - 9 - 0)?
10
Evaluate (-5 - (-11 + (0 - 2))) + -9 + -1.
-2
Evaluate (-13 - (-8 - 3)) + -3 + 20 + -4.
11
Calculate -2 - (16 + (-24 - 0)).
6
What is -4 - -5 - (-8 + 0 + 3)?
6
What is (-1 - -2) + -5 + (-3 - -2 - -10)?
5
Calculate (14 + -4 - 7) + -9 + -2.
-8
What is the value of (2 - -17) + 41 + -66 + 33?
27
What is the value of 0 + -9 - (89 + -88)?
-10
Calculate -16 - -17 - ((1 - -2 - 3) + 2).
-1
What is (26 + -31 - (10 - 8)) + 1 + -9?
-15
Calculate 25 + -15 + -22 + 9.
-3
Evaluate -11 - (-11 + 22 + -12).
-10
What is the value of (4 - (5 + 12 + -2)) + 8?
-3
Evaluate 19 + -5 + -2 - -1.
13
Calculate 50 + (-6 - (-5 + 29)).
20
62 + -52 - (7 - 0) - (-24 - 1)
28
What is 4 - ((2 - ((7 - 4) + -3)) + 2)?
0
Calculate 9 + 4 + (-9 - 0).
4
What is the value of 8 + 0 - (7 - 12)?
13
What is 44 - (9 + -32 + 43)?
24
What is -8 + (8 - 1) + 4 + 9?
12
What is the value of 35 + -10 + 1 - 28?
-2
Evaluate -1 - ((6 - 0) + 12 + 2 + -14).
-7
What is the value of -734 + 716 + (24 - 1)?
5
Calculate (1 + 0 - -7) + -4.
4
What is the value of -21 - -3 - (11 - -4 - (3 + 3))?
-27
Evaluate (-8 - 1) + (-9 - (-33 - -27)) + 4.
-8
What is the value of (-9 + 3 + 10 - (3 - 3)) + 11?
15
What is -24 + 0 + (-8 - (11 + -23))?
-20
Evaluate -9 + 2 - (-18 - 32 - -20).
23
-8 - ((17 + -17 - 8) + (7 - 1))
-6
Evaluate 54 - (-6 - -25) - 10.
25
What is (-6 + -2 + 2 - (30 + -28)) + -4?
-12
What is -9 + 27 + (19 - 22)?
15
Calculate -4 + 27 - (-13 + 17 - (-6 + 1)).
14
What is 2 + 0 - 18 - (-22 + 15)?
-9
Calculate 39 + -58 + -5 + 46.
22
What is -7 - (1 + 10 + -17 - -16)?
-17
Evaluate -2 + -1 - (-9 + 7 + (2 - 8)).
5
-2 - (-7 - (-23 + 11 + -8))
-15
Calculate (3 + -3 - 3) + (-145 - -137).
-11
What is the value of 36 + -3 - 11 - -4 - 10?
16
What is (8 - -6 - 18) + 4?
0
What is -33 + 8 + -3 - -21?
-7
Evaluate -5 + 7 + -8 + (14 - 14).
-6
Calculate -15 + 11 + ((-2 - -1) + 4 - -3).
2
What is 1 + -3 + -4 - (-10 + 10 + -16)?
10
What is the value of -7 + (3 - 1) + -22 + (-7 - -23)?
-11
What is the value of -7 + 1 + 0 + 1 + -62 + 67?
0
Calculate 2 + 2 + 38 + -45.
-3
Evaluate (26 - 40) + 6 + 2 + -1.
-7
What is the value of (-10 + (19 - 12) - (-3 + -5)) + 8?
13
What is the value of -2 + 14 - 15 - -7?
4
-306 + 311 + (-6 - (2 - 1))
-2
(6 - 1) + -3 + 0
2
What is 12 + -5 + (-15 + 14 - 12)?
-6
(-8 - -7) + -2 + -4 + (3 - -10)
6
What is the value of -1 + 8 - (-8 + 0 + (3 - 6))?
18
Evaluate (-26 - -31) + (-1 - 6).
-2
Calculate 12 + (12 - (23 + -12 + 12)).
1
Calculate -15 + (-1 + (4 - 4) - -4).
-12
What is the value of (-3 - -14 - 5) + (7 - (-2 + 17))?
-2
Calculate 162 - 165 - (2 + -11).
6
4 + (-3 - 1) - (-11 + 6)
5
What is the value of (2 - (6 + -8)) + 26 - 10?
20
(-25 - -7) + 65 + -14
33
What is -6 + 11 + (-36 - -25)?
-6
What is -28 + -3 + (11 - 2 - (-29 - -32))?
-25
What is the value of (31 - 26 - (0 - 4 - -4)) + 17?
22
105 + -91 - (4 - (-3 + -1 + 2))
8
Calculate -17 + (5 - 15 - -29).
2
What is the value of (1 - (13 + 1)) + (-25 - (26 - 48))?
-16
What is the value of -927 + 937 - (26 + 1 + -2)?
-15
Calculate -30 + 2 + (-7 + -23 - -45).
-13
Evaluate 5 + 5 + -25 + 12.
-3
What is (-1 + 49 - (166 - 161)) + -9?
34
Calculate 26 - (11 - (-2 + -16 - -11)).
8
What is -73 - -65 - (-5 + -18 - -3)?
12
Evaluate -4 - (14 - (-24 + 57)).
15
Calculate -24 + (-2 - -17) + -9 + -1.
-19
(-12 + 7 + 6 - 4) + (-3 - -4)
-2
What is the value of -52 + -4 + 34 - 4?
-26
Evaluate (57 - 41) + (-4 + 2 - -4).
18
Evaluate -8 - (2 - 1) - (120 + -131).
2
Calculate 1 + -1 - (11 + 14 + -33).
8
Evaluate -8 - -29 - (7 + -13 + 2).
25
Calculate -31 + 14 - (8 + -14).
-11
(10 - (-10 - -20)) + 4 + (1 - -6)
11
Calculate -2 - (-64 - -47 - (-8 + -3)).
4
0 - -7 - (-7 - (50 - 46))
18
What is the value of 12 - ((-45 - -32) + 1)?
24
What is the value of 18 - (-4 + (-1 - (-5 - -1 - 3)))?
16
What is -6 + 0 + (-1 + -4 - -2) - -7?
-2
Calculate 11 + 1 - (5 - 4).
11
What is (-168 - -168) + (-7 - (-4 - -1) - -31)?
27
What is (-7 - -5) + (-3 - -29 - (32 + -27))?
19
What is 75 - (-20 + 17 + 49)?
29
What is (-1 + -2 - (-9 + (2 - 2))) + 5?
11
What is (7 - (33 + (14 - 14))) + -2?
-28
Calculate -33 - -21 - (2 - -3).
-17
What is the value of -6 - -7 - -5 - (-5 - -5)?
6
(4 - -6) + 7 + -15 + -12 - -41
31
Evaluate (177 - 169) + (-2 - 7) - (-2 + 5).
-4
Calculate 8 + (16 - 9 - -4) + (-5 - 1).
13
-1 + (2 - -23) - (-64 + (94 - 26))
20
Evaluate (11 - (-10 + 13)) + 6 - 8.
6
What is (1 - -1) + -46 + 47 + 8?
11
-11 - -37 - (7 + -12)
31
What is 16 + (13 - (-5 - -11) - 3 - 5)?
15
What is the value of (0 + -3 - (-12 - 0)) + 2?
11
What is the value of (13 - (-4 - (-3 + 7 + -14))) + 7?
14
What is the value of -4 - (4 + (1 - (-6 + 6)))?
-9
Calculate 7 - ((6 - 6) + 5) - -1.
3
What is the value of -34 - (41 + -46 + 6)?
-35
What is -2 + 1 - (17 + -10 - 10)?
2
What is 13 + (-10 - (-2 - -11) - -8)?
2
What is -29 - (-4 + 5 + 2 + -12)?
-20
What is the value of 131 + -145 - (0 + 3)?
-17
(9 - 14) + -7 - -20
8
What is the value of (-1 + -9 + 12 + -5 - 6) + 0?
-9
Calculate (-49 - -42) + -37 - (0 + -16).
-28
Evaluate (2 - 23) + (11 - (-3 - -6) - 4).
-17
Calculate -1 - (-4 + 2) - -18 - (-35 - -40).
14
What is the value of -9 + 1 + -6 + 1 + -6 + 7?
-12
6 - (4 - 4) - (-5 + 12)
-1
11 - (-6 + 10 - (4 + -9))
2
What is the value of -2 - 4 - ((-1 - -8) + (30 - 32))?
-11
Evaluate -16 + -45 + 16 + 66.
21
Evaluate 24 + (-22 - (15 + -23)).
10
30 - 43 - (-6 - 3)
-4
11 + -1 - (-2337 - -2335)
12
44 + -30 + (-20 - -39)
33
What is the value of 24 + -2 + (7 - -1 - 14 - -2)?
18
What is -343 + 368 - (-1 + 14)?
12
Evaluate 9 - (8 - 6 - -11) - -6.
2
What is the value of 24 + 0 - ((-31 - 17) + 48)?
24
Calculate 8 - (-5 + (-8 - -13) - 5) - -5.
18
What is (-4 - (6 - 1) - 3) + (-1 - -7)?
-6
What is the value of 41 - (0 + -30 + 69)?
2
What is the value of -12 + (31 - 14 - 8)?
-3
Calculate 11 - 0 - (-187 + 197).
1
What is the value of -6 + -18 + 13 + (8 - 1)?
-4
What is 46 + 11 + -47 - ((0 - -18) + 1)?
-9
Calculate -4 + 4 + (-28 - (8 - 20)).
-16
-2 - (-13 - (1 + -4 - (5 + 0)))
3
(41 - 6) + (-11 - 5)
19
What is the value of (2 - 5 - 3) + 20 + -5?
9
Evaluate -6 + -6 + (17 - -14).
19
-38 + 43 + (-6 - -1 - -2) + -33
-31
What is -3 + (7 - -10) + 7?
21
Calculate -10 - -7 - (39 - 26).
-16
What is the value of (-6 + -9 - -19) + -5?
-1
Calculate -12 - -1 - 1 - -7.
-5
What is the value of -1 + -42 - (126 + -149)?
-20
-344 - -350 - (-7 - 0)
13
Evaluate -168 + 162 + (2 - (-1 - 7)) + -11.
-7
Calculate 5 + -10 + 8 + -8 + 2.
-3
What is the value of 8 - (3 + (5 - 6) - -3)?
3
Calculate (-14 - -6) + (4 - 17 - -1) + 3.
-17
3 + (1 + (0 - -7) + -2 - 2)
7
Calculate 10 + -9 + 6 + -3 + 8.
12
What is the value of 20 + -37 + 9 - (2 - (0 - -2))?
-8
What is the value of 0 + -22 + 142 + -125?
-5
What is 90 + (-74 - 20) - (-4 - 1)?
1
-13 + 40 + (7 - (6 + -1)) + -5
24
What is (-46 - -51) + (-7 - 1) + -1 + 3?
-1
Calculate 42 + -56 - (-1 - 11).
-2
What is -3100 + 3090 - ((1 - 0) + 0)?
-11
What is the value of 1 + 2 + (3 + -10 - 1 - 10)?
-15
6 - (-6 + 3) - (2 + 4)
3
Evaluate -3 + -4 + (21 - 1).
13
What is the value of 2 + (-1 - -12) + (-39 - -57 - 22)?
9
(-4 - (3 - 24)) + -42 + 38
13
What is -17 + (-8 - -2 - -14) - -6?
-3
Evaluate -1 + (-2 - -10) + -9 + -4 - 5.
-11
28 - ((-5 - -2) + -9 + 29 + -5)
16
What is (25 - 23) + (10 - (3 + -3 - -2))?
10
What is the value of (-16 + 10 - -11) + 17 + -2 + 2?
22
Calculate 0 - 3 - (-40 + 36) - 2.
-1
What is the value of -4 + (1 - -1) - (10 + 4 + -3)?
-13
Evaluate (33 + -59 - -37) + 5.
16
What is (-19 + 37 - 6) + 3 + -29?
-14
Calculate 0 + 11 + (110 - 120) - -9.
10
5 - (5 + (0 - 16) + -3)
19
What is the value of -3 - (6 + -21 - 